mainder when j is divided by 11?
9
Let l(q) = 2*q**2 + 4*q + 3. Let r be l(-2). Suppose r*k - 22 = 23. Calculate the remainder when k is divided by 9.
6
Suppose -3*l + 2*s = s + 88, -2*l = -5*s + 76. Let d = 44 + l. Let y = 27 - -3. What is the remainder when y is divided by d?
14
Suppose -136 = -4*x - 0*x. Let z = x - 3. What is the remainder when z is divided by 11?
9
Suppose 0 = -3*r - 2*r + 50. Suppose -2*c - 3*f + 24 = 0, 2*f = 2*c + 6*f - 28. Calculate the remainder when r is divided by c.
4
Let p = -4 - -9. Calculate the remainder when p/2 + 2/4 is divided by 3.
0
Suppose 0 = -4*f + 20 + 24. What is the remainder when 43 is divided by f?
10
Let o(s) = 4*s**2 - 4*s - 5. Calculate the remainder when o(-3) is divided by 22.
21
Let h(p) = 7*p + 39. Calculate the remainder when 27 is divided by h(-4).
5
Let j(p) = 3*p**2 + p - 2. Let s be j(4). Suppose 5*r - s = -5*a, -5*a + 21 = 4*r - 30. Calculate the remainder when 30 is divided by a.
8
Let v(w) = w**3 - 5*w**2 + w + 2. Calculate the remainder when 17 is divided by v(5).
3
Let g(q) = q - 5. What is the remainder when 43 is divided by g(14)?
7
What is the remainder when 25/5 + -2 - -8 is divided by 8?
3
Suppose 0 = 5*j + 4 - 14. Suppose 30 = j*q + 4*q. What is the remainder when 9 is divided by q?
4
Suppose -2*b + 5*b = -45. What is the remainder when 18 is divided by (10/3)/(-5)*b?
8
Let i(z) = -3*z**3 - z**2 - 3*z - 2. Suppose 0*k = 2*k + 4. Calculate the remainder when i(k) is divided by 13.
11
Suppose -2*j - b = -3*b + 4, j = 4*b - 11. What is the remainder when 35 is divided by 9/15*15*j?
8
Suppose 6*c - 23 = 3*c + 2*q, -c + q = -8. Calculate the remainder when c is divided by 5.
2
Let v(h) = -h**3 + 6*h**2 - 2*h + 7. Let a be v(6). Let l = 0 - a. Suppose 4*q + c = 3*c + 18, 4*c - 42 = -l*q. What is the remainder when 9 is divided by q?
3
Suppose 6*l = 2*l + 236. What is the remainder when l is divided by 15?
14
Suppose -j - k = -6 - 8, -3*j - 2*k + 39 = 0. Suppose 5*c - 6 = -a + 10, 4*a - 3*c - 87 = 0. Calculate the remainder when a is divided by j.
10
Let w be (-14 - 0)/(4/10). Let j = 91 + w. What is the remainder when j is divided by 19?
18
Suppose -2*i + 98 = -30. Let h = -39 + i. Calculate the remainder when 48 is divided by h.
23
Suppose n - 12 = -3*n. Let d = 1 - -13. What is the remainder when d is divided by n?
2
Let g(x) = 22*x + 1. Suppose l - 1 = -0*l. Calculate the remainder when g(l) is divided by 6.
5
Let f = -13 - -48. Calculate the remainder when f is divided by 9.
8
Let v be (-16)/(0 + 1 + (-36)/30). Let c be (1 + 3)/1 + -1. Suppose u + v = c*u. Calculate the remainder when u is divided by 21.
19
Let z be (-22)/(-2) + (-3 - -2). Suppose -w - z = -2*w. Suppose -5*v + 0*v = -w. What is the remainder when v is divided by 1?
0
Suppose 0 = 3*x - 0*g - 2*g - 14, 2*x + g - 14 = 0. Calculate the remainder when 15 is divided by x.
3
Let r(q) = 7*q - 2. Let k(z) = 7*z - 4. What is the remainder when r(5) is divided by k(3)?
16
Suppose 2*h - 2*l + 48 = -5*l, -66 = 3*h + 3*l. Let a be (-2)/10 - h/15. Calculate the remainder when (a + -2)/((-3)/48) is divided by 6.
4
Calculate the remainder when (3 + (-1 - 131))*(-3)/9 is divided by 11.
10
Let s(r) = 3*r - 7. Let l be s(8). Suppose 0*k - v - l = -2*k, 3*k = -2*v + 15. What is the remainder when 2/4 - 25/(-2) is divided by k?
6
Let i = -14 - -17. What is the remainder when i is divided by 3?
0
Let r(s) = -s**2 + s + 2. Let y(a) = a**3 - a**2 - a + 2. Let l be y(2). Let b be r(l). What is the remainder when 1 is divided by (-2)/(5/(b/4))?
0
Let x = -3 + 5. Suppose a + v - 33 = -4*v, -x*a = -2*v - 18. Calculate the remainder when 36 is divided by a.
10
Let h = -11 + 8. Let n(s) be the first derivative of 2*s**3/3 + 2*s**2 + 3*s - 2. Calculate the remainder when n(h) is divided by 5.
4
Let t(c) = 23 + 7*c - 6*c - 7. Calculate the remainder when t(-6) is divided by 3.
1
Let f(j) = -j**3 + 5*j**2 - 2. Suppose -3*l + 8 = -2*p - 8, -5*l + 3*p = -27. Calculate the remainder when f(2) is divided by l.
4
Suppose 3*h = 4*d + 39, 3*d + 26 = -2*h + 4*h. Calculate the remainder when h is divided by 8.
5
Suppose 38 + 14 = g. Calculate the remainder when g is divided by 11.
8
Let m = -62 + 36. What is the remainder when 12/18 - m/6 is divided by 3?
2
Let p be (-1)/(-5) + (-16)/(-20). Calculate the remainder when 9 is divided by (-12)/(4 + p*-6).
3
What is the remainder when (-390)/(-8) + (-8)/(-32) is divided by 13?
10
Suppose -4*u = -13 - 11. Suppose 3*g + 12 = u*g. Suppose -3*s = -3*p - 33, -5*p = -p + g. What is the remainder when 28 is divided by s?
8
Suppose 120 = 5*p + 5*y, 11*p - 156 = 6*p + 4*y. Calculate the remainder when 164 is divided by p.
24
Let g be 2*2/4*7. Let d(k) = -k**2 + 10*k - 7. Calculate the remainder when 27 is divided by d(g).
13
Suppose -37*z - 160 = -42*z. What is the remainder when z is divided by 5?
2
Suppose 3 = -4*y - 21. Let x be (4/y)/(12/(-90)). Suppose 2*b - 4*z = -5*z + 27, 3*b - x*z - 21 = 0. Calculate the remainder when 47 is divided by b.
11
Suppose 2*i + 2*l - 10 = -0, l = 0. What is the remainder when i is divided by 4?
1
Let q be 1/(-3 - (-6)/3). Let r be q + 1 - 1132/(-4). Suppose 5*m = 2*h + r, 0 = 3*m - 4*h + 54 - 235. Calculate the remainder when m is divided by 14.
13
Suppose 2*y = -2*y + 28. Let c(z) = z**2 - 6*z + 25. Calculate the remainder when c(5) is divided by y.
6
Let g = -72 + 146. What is the remainder when g is divided by 25?
24
Let m = 49 - -9. Suppose w - 3*o + m = -4*w, 4*o + 58 = -3*w. What is the remainder when (-4)/w - 96/(-7) is divided by 5?
4
Suppose -s + 10 = -4. Suppose 4*u - 224 = h, 2*h + h + 287 = 5*u. Calculate the remainder when u is divided by s.
13
Suppose x + 7*w = 2*w + 246, x = -2*w + 240. Calculate the remainder when x is divided by 60.
56
Let d(i) = i**3 - 4*i**2 - 8*i + 9. Let m(n) = n**2 - 2*n - 2. Let t be m(4). Calculate the remainder when d(t) is divided by 9.
6
Let q(o) be the first derivative of -o**4/4 + 7*o**3/3 + 9*o**2/2 - 2*o + 1. Let n be 10 - (-2)/(-3 - -2). Calculate the remainder when 16 is divided by q(n).
4
Let l be 5/2*14/7. Calculate the remainder when l/((-8)/3 - -3) is divided by 4.
3
Let p = -1 + 23. Let d be ((-10)/(-4))/(1/2). Suppose 8 + 52 = d*l. Calculate the remainder when p is divided by l.
10
Let d(n) = 20*n**2 - 2*n + 1. What is the remainder when d(2) is divided by 16?
13
Let m(x) = -4*x + 11*x - 6*x**2 + 0*x**2 - 8 + 2*x**2 - x**3. What is the remainder when m(-6) is divided by 12?
10
Let l(g) = g**3 + g**2 + 2*g - 2. Let u(o) = -13*o**3 + o**2. What is the remainder when l(3) is divided by u(-1)?
12
Suppose 0 = 5*k - 534 + 154. Calculate the remainder when k is divided by 40.
36
Let h be 2/3 - 16/6. Let x be -3*(1 + h - -5). What is the remainder when 11 is divided by -1*3*16/x?
3
Let f(g) = g**3 - 5*g**2 - g - 4. Suppose -3*p + 13 = -5. Calculate the remainder when 49 is divided by f(p).
23
Let m(c) = -c**3 - 2*c**2 - 4*c - 3. Let x = 18 + -21. What is the remainder when m(x) is divided by 10?
8
Suppose 2*t - 24 = -o, 4*o = 2*t + 2*o - 24. Calculate the remainder when 95 is divided by t.
11
Suppose 5*x - 129 = -4*y + 12, 2*x = -4*y + 54. What is the remainder when 56 is divided by x?
27
Calculate the remainder when 110 is divided by 1 - -36 - (-11 - -11).
36
Let a = -12 + 3. Let b = -3 - a. What is the remainder when 22 is divided by b?
4
Let g = 13 + -6. Suppose -5*p + 5 = -5*d - 80, 10 = 5*d. What is the remainder when p is divided by g?
5
Let l(g) = g + 4. Let b be l(-3). What is the remainder when 5 + (0 - (-1)/b) is divided by 4?
2
Let w(v) be the first derivative of v**3 - 3*v**2/2 + v - 3. What is the remainder when 13 is divided by w(2)?
6
Suppose 2*c = 4*c. Suppose 2*o = 15 + 151. Suppose 4*i - 2*y - 58 = c, i = -3*i - 3*y + o. What is the remainder when i is divided by 9?
8
Suppose -4*g = g - 40. Calculate the remainder when 23 is divided by g.
7
Let j = 40 + 24. Calculate the remainder when j is divided by 13.
12
Let o = 137 - 118. What is the remainder when o is divided by 7?
5
Suppose 0 = -j - 0*j + 16. Suppose 4*z - j = -0*z. Suppose 13*s + 6 = 15*s. What is the remainder when z is divided by s?
1
Let v = -84 + 118. Calculate the remainder when v is divided by 9.
7
Let s = 18 + -7. Let w = 6 + 0. Calculate the 